[INFO] fetching crate ockam_abac 0.22.0...
[INFO] checking ockam_abac-0.22.0 against master#e6e4f7ed1589e03bc2f6c5931c1a72e7947e8682 for beta-170-4
[INFO] extracting crate ockam_abac 0.22.0 into /workspace/builds/worker-2-tc2/source
[INFO] validating manifest of crates.io crate ockam_abac 0.22.0 on toolchain e6e4f7ed1589e03bc2f6c5931c1a72e7947e8682
[INFO] running `Command { std: CARGO_HOME="/workspace/cargo-home" RUSTUP_HOME="/workspace/rustup-home" "/workspace/cargo-home/bin/cargo" "+e6e4f7ed1589e03bc2f6c5931c1a72e7947e8682" "metadata" "--manifest-path" "Cargo.toml" "--no-deps", kill_on_drop: false }`
[INFO] started tweaking crates.io crate ockam_abac 0.22.0
[INFO] finished tweaking crates.io crate ockam_abac 0.22.0
[INFO] tweaked toml for crates.io crate ockam_abac 0.22.0 written to /workspace/builds/worker-2-tc2/source/Cargo.toml
[INFO] crate crates.io crate ockam_abac 0.22.0 already has a lockfile, it will not be regenerated
[INFO] running `Command { std: CARGO_HOME="/workspace/cargo-home" RUSTUP_HOME="/workspace/rustup-home" "/workspace/cargo-home/bin/cargo" "+e6e4f7ed1589e03bc2f6c5931c1a72e7947e8682" "fetch" "--manifest-path" "Cargo.toml", kill_on_drop: false }`
[INFO] running `Command { std: "docker" "create" "-v" "/var/lib/crater-agent-workspace/builds/worker-2-tc2/target:/opt/rustwide/target:rw,Z" "-v" "/var/lib/crater-agent-workspace/builds/worker-2-tc2/source:/opt/rustwide/workdir:ro,Z" "-v" "/var/lib/crater-agent-workspace/cargo-home:/opt/rustwide/cargo-home:ro,Z" "-v" "/var/lib/crater-agent-workspace/rustup-home:/opt/rustwide/rustup-home:ro,Z" "-e" "SOURCE_DIR=/opt/rustwide/workdir" "-e" "CARGO_TARGET_DIR=/opt/rustwide/target" "-e" "CARGO_HOME=/opt/rustwide/cargo-home" "-e" "RUSTUP_HOME=/opt/rustwide/rustup-home" "-w" "/opt/rustwide/workdir" "-m" "1610612736" "--user" "0:0" "--network" "none" "ghcr.io/rust-lang/crates-build-env/linux@sha256:19e73879b68f455e41552ea35293514db52ea292d993f571636dbffedb77a1ee" "/opt/rustwide/cargo-home/bin/cargo" "+e6e4f7ed1589e03bc2f6c5931c1a72e7947e8682" "metadata" "--no-deps" "--format-version=1", kill_on_drop: false }`
[INFO] [stdout] 93356e838f319a4fa7b6555e778f44ecdb62920a98fff3236883cc7a9ab8a3e3
[INFO] running `Command { std: "docker" "start" "-a" "93356e838f319a4fa7b6555e778f44ecdb62920a98fff3236883cc7a9ab8a3e3", kill_on_drop: false }`
[INFO] running `Command { std: "docker" "inspect" "93356e838f319a4fa7b6555e778f44ecdb62920a98fff3236883cc7a9ab8a3e3", kill_on_drop: false }`
[INFO] running `Command { std: "docker" "rm" "-f" "93356e838f319a4fa7b6555e778f44ecdb62920a98fff3236883cc7a9ab8a3e3", kill_on_drop: false }`
[INFO] [stdout] 93356e838f319a4fa7b6555e778f44ecdb62920a98fff3236883cc7a9ab8a3e3
[INFO] running `Command { std: "docker" "create" "-v" "/var/lib/crater-agent-workspace/builds/worker-2-tc2/target:/opt/rustwide/target:rw,Z" "-v" "/var/lib/crater-agent-workspace/builds/worker-2-tc2/source:/opt/rustwide/workdir:ro,Z" "-v" "/var/lib/crater-agent-workspace/cargo-home:/opt/rustwide/cargo-home:ro,Z" "-v" "/var/lib/crater-agent-workspace/rustup-home:/opt/rustwide/rustup-home:ro,Z" "-e" "SOURCE_DIR=/opt/rustwide/workdir" "-e" "CARGO_TARGET_DIR=/opt/rustwide/target" "-e" "CARGO_INCREMENTAL=0" "-e" "RUST_BACKTRACE=full" "-e" "RUSTFLAGS=--cap-lints=forbid" "-e" "RUSTDOCFLAGS=--cap-lints=forbid" "-e" "CARGO_HOME=/opt/rustwide/cargo-home" "-e" "RUSTUP_HOME=/opt/rustwide/rustup-home" "-w" "/opt/rustwide/workdir" "-m" "1610612736" "--user" "0:0" "--network" "none" "ghcr.io/rust-lang/crates-build-env/linux@sha256:19e73879b68f455e41552ea35293514db52ea292d993f571636dbffedb77a1ee" "/opt/rustwide/cargo-home/bin/cargo" "+e6e4f7ed1589e03bc2f6c5931c1a72e7947e8682" "check" "--frozen" "--all" "--all-targets" "--message-format=json", kill_on_drop: false }`
[INFO] [stdout] 7aff414bb8cb53dcbca49a65432b80e7133942375a9248bb74071ccc8d9db380
[INFO] running `Command { std: "docker" "start" "-a" "7aff414bb8cb53dcbca49a65432b80e7133942375a9248bb74071ccc8d9db380", kill_on_drop: false }`
[INFO] [stderr]     Checking subtle v2.5.0
[INFO] [stderr]     Checking const-oid v0.9.2
[INFO] [stderr]     Checking once_cell v1.17.1
[INFO] [stderr]    Compiling serde v1.0.163
[INFO] [stderr]     Checking byteorder v1.4.3
[INFO] [stderr]    Compiling generic-array v0.14.7
[INFO] [stderr]    Compiling futures-core v0.3.28
[INFO] [stderr]     Checking base64ct v1.6.0
[INFO] [stderr]     Checking cpufeatures v0.2.7
[INFO] [stderr]    Compiling futures-channel v0.3.28
[INFO] [stderr]    Compiling syn v2.0.18
[INFO] [stderr]     Checking getrandom v0.2.9
[INFO] [stderr]    Compiling futures-task v0.3.28
[INFO] [stderr]    Compiling ahash v0.8.3
[INFO] [stderr]     Checking futures-sink v0.3.28
[INFO] [stderr]    Compiling futures-util v0.3.28
[INFO] [stderr]    Compiling syn v1.0.109
[INFO] [stderr]    Compiling heapless v0.7.16
[INFO] [stderr]     Checking aho-corasick v1.0.1
[INFO] [stderr]    Compiling getrandom v0.1.16
[INFO] [stderr]     Checking rand_core v0.6.4
[INFO] [stderr]     Checking tracing-core v0.1.31
[INFO] [stderr]     Checking regex-syntax v0.7.2
[INFO] [stderr]     Checking futures-io v0.3.28
[INFO] [stderr]     Checking pem-rfc7468 v0.7.0
[INFO] [stderr]    Compiling minicbor v0.19.1
[INFO] [stderr]     Checking hash32 v0.2.1
[INFO] [stderr]     Checking rand_chacha v0.3.1
[INFO] [stderr]     Checking ff v0.13.0
[INFO] [stderr]     Checking tinyvec_macros v0.1.1
[INFO] [stderr]     Checking base16ct v0.2.0
[INFO] [stderr]    Compiling crossbeam-utils v0.8.15
[INFO] [stderr]     Checking regex-syntax v0.6.29
[INFO] [stderr]     Checking tinyvec v1.6.0
[INFO] [stderr]     Checking group v0.13.0
[INFO] [stderr]     Checking rand v0.8.5
[INFO] [stderr]     Checking core2 v0.4.0
[INFO] [stderr]    Compiling tokio v1.28.1
[INFO] [stderr]    Compiling crossbeam-queue v0.3.8
[INFO] [stderr]     Checking overload v0.1.1
[INFO] [stderr]     Checking hex v0.4.3
[INFO] [stderr]     Checking tracing-log v0.1.3
[INFO] [stderr]     Checking rand_core v0.5.1
[INFO] [stderr]     Checking nu-ansi-term v0.46.0
[INFO] [stderr]     Checking sharded-slab v0.1.4
[INFO] [stderr]     Checking thread_local v1.1.7
[INFO] [stderr]     Checking signature v1.6.4
[INFO] [stderr]    Compiling pkg-config v0.3.27
[INFO] [stderr]     Checking ed25519 v1.5.3
[INFO] [stderr]     Checking fs2 v0.4.3
[INFO] [stderr]     Checking arrayref v0.3.7
[INFO] [stderr]    Compiling time-core v0.1.1
[INFO] [stderr]     Checking leb128 v0.2.5
[INFO] [stderr]     Checking str-buf v3.0.2
[INFO] [stderr]    Compiling time-macros v0.2.9
[INFO] [stderr]     Checking wasm-encoder v0.28.0
[INFO] [stderr]    Compiling lmdb-rkv-sys v0.11.2
[INFO] [stderr]     Checking wast v59.0.0
[INFO] [stderr]     Checking regex v1.8.3
[INFO] [stderr]     Checking time v0.3.21
[INFO] [stderr]     Checking lmdb-rkv v0.14.0
[INFO] [stderr]     Checking regex-automata v0.1.10
[INFO] [stderr]     Checking env_logger v0.8.4
[INFO] [stderr]     Checking quickcheck v1.0.3
[INFO] [stderr]    Compiling minicbor-derive v0.13.0
[INFO] [stderr]     Checking matchers v0.1.0
[INFO] [stderr]    Compiling zeroize_derive v1.4.2
[INFO] [stderr]    Compiling serde_derive v1.0.163
[INFO] [stderr]    Compiling tracing-attributes v0.1.24
[INFO] [stderr]    Compiling futures-macro v0.3.28
[INFO] [stderr]    Compiling ockam_macros v0.30.0
[INFO] [stderr]    Compiling async-trait v0.1.68
[INFO] [stderr]    Compiling tokio-macros v2.1.0
[INFO] [stderr]    Compiling pin-project-internal v1.1.0
[INFO] [stderr]     Checking zeroize v1.6.0
[INFO] [stderr]     Checking der v0.7.6
[INFO] [stderr]     Checking pin-project v1.1.0
[INFO] [stderr]     Checking tracing v0.1.37
[INFO] [stderr]     Checking crypto-common v0.1.6
[INFO] [stderr]     Checking block-buffer v0.10.4
[INFO] [stderr]     Checking digest v0.9.0
[INFO] [stderr]     Checking crypto-bigint v0.5.2
[INFO] [stderr]     Checking universal-hash v0.4.0
[INFO] [stderr]     Checking cipher v0.3.0
[INFO] [stderr]     Checking block-buffer v0.9.0
[INFO] [stderr]     Checking aead v0.4.3
[INFO] [stderr]     Checking curve25519-dalek v3.2.0
[INFO] [stderr]     Checking sha2 v0.9.9
[INFO] [stderr]     Checking polyval v0.5.3
[INFO] [stderr]     Checking digest v0.10.7
[INFO] [stderr]     Checking ctr v0.7.0
[INFO] [stderr]     Checking aes v0.7.5
[INFO] [stderr]     Checking tracing-subscriber v0.3.17
[INFO] [stderr]     Checking ghash v0.4.4
[INFO] [stderr]     Checking hmac v0.12.1
[INFO] [stderr]     Checking signature v2.1.0
[INFO] [stderr]     Checking sha2 v0.10.6
[INFO] [stderr]     Checking rfc6979 v0.4.0
[INFO] [stderr]     Checking hkdf v0.12.3
[INFO] [stderr]     Checking spki v0.7.2
[INFO] [stderr]     Checking pkcs8 v0.10.2
[INFO] [stderr]     Checking aes-gcm v0.9.2
[INFO] [stderr]     Checking sec1 v0.7.2
[INFO] [stderr]     Checking ed25519-dalek v1.0.1
[INFO] [stderr]     Checking x25519-dalek v1.1.1
[INFO] [stderr]     Checking elliptic-curve v0.13.5
[INFO] [stderr]     Checking tokio-retry v0.3.0
[INFO] [stderr]     Checking primeorder v0.13.1
[INFO] [stderr]     Checking ecdsa v0.16.7
[INFO] [stderr]     Checking tracing-error v0.2.0
[INFO] [stderr]     Checking p256 v0.13.2
[INFO] [stderr]     Checking futures v0.3.28
[INFO] [stderr]     Checking serde_bare v0.5.0
[INFO] [stderr]     Checking hashbrown v0.13.2
[INFO] [stderr]     Checking serde_json v1.0.96
[INFO] [stderr]     Checking serde-big-array v0.5.1
[INFO] [stderr]     Checking ockam_core v0.81.0
[INFO] [stderr]     Checking ockam_executor v0.49.0
[INFO] [stderr]     Checking ockam_transport_core v0.54.0
[INFO] [stderr]     Checking ockam_node v0.84.0
[INFO] [stderr]     Checking ockam_vault v0.77.0
[INFO] [stdout] error[E0433]: failed to resolve: use of undeclared crate or module `serde`
[INFO] [stdout]  --> /opt/rustwide/cargo-home/registry/src/index.crates.io-6f17d22bba15001f/ockam_vault-0.77.0/src/types/secret.rs:6:5
[INFO] [stdout]   |
[INFO] [stdout] 6 | use serde::de::Error;
[INFO] [stdout]   |     ^^^^^ use of undeclared crate or module `serde`
[INFO] [stdout] 
[INFO] [stdout] 
[INFO] [stdout] error[E0432]: unresolved import `serde`
[INFO] [stdout]  --> /opt/rustwide/cargo-home/registry/src/index.crates.io-6f17d22bba15001f/ockam_vault-0.77.0/src/types/public_key.rs:5:5
[INFO] [stdout]   |
[INFO] [stdout] 5 | use serde::{Deserialize, Serialize};
[INFO] [stdout]   |     ^^^^^ use of undeclared crate or module `serde`
[INFO] [stdout] 
[INFO] [stdout] 
[INFO] [stdout] error[E0432]: unresolved import `serde`
[INFO] [stdout]  --> /opt/rustwide/cargo-home/registry/src/index.crates.io-6f17d22bba15001f/ockam_vault-0.77.0/src/types/secret.rs:7:5
[INFO] [stdout]   |
[INFO] [stdout] 7 | use serde::{Deserialize, Deserializer, Serialize};
[INFO] [stdout]   |     ^^^^^ use of undeclared crate or module `serde`
[INFO] [stdout] 
[INFO] [stdout] 
[INFO] [stdout] error[E0432]: unresolved import `serde`
[INFO] [stdout]  --> /opt/rustwide/cargo-home/registry/src/index.crates.io-6f17d22bba15001f/ockam_vault-0.77.0/src/types/secret_attributes.rs:8:5
[INFO] [stdout]   |
[INFO] [stdout] 8 | use serde::{Deserialize, Serialize};
[INFO] [stdout]   |     ^^^^^ use of undeclared crate or module `serde`
[INFO] [stdout] 
[INFO] [stdout] 
[INFO] [stdout] error[E0432]: unresolved import `serde`
[INFO] [stdout]  --> /opt/rustwide/cargo-home/registry/src/index.crates.io-6f17d22bba15001f/ockam_vault-0.77.0/src/types/signature.rs:3:5
[INFO] [stdout]   |
[INFO] [stdout] 3 | use serde::{Deserialize, Serialize};
[INFO] [stdout]   |     ^^^^^ use of undeclared crate or module `serde`
[INFO] [stdout] 
[INFO] [stdout] 
[INFO] [stdout] error[E0432]: unresolved import `serde`
[INFO] [stdout]  --> /opt/rustwide/cargo-home/registry/src/index.crates.io-6f17d22bba15001f/ockam_vault-0.77.0/src/types/stored_secret.rs:3:5
[INFO] [stdout]   |
[INFO] [stdout] 3 | use serde::{Deserialize, Serialize};
[INFO] [stdout]   |     ^^^^^ use of undeclared crate or module `serde`
[INFO] [stdout] 
[INFO] [stdout] 
[INFO] [stdout] error: cannot determine resolution for the derive macro `Serialize`
[INFO] [stdout]  --> /opt/rustwide/cargo-home/registry/src/index.crates.io-6f17d22bba15001f/ockam_vault-0.77.0/src/types/public_key.rs:9:26
[INFO] [stdout]   |
[INFO] [stdout] 9 | #[derive(Encode, Decode, Serialize, Deserialize, Clone, Debug, Zeroize, PartialOrd, Ord)]
[INFO] [stdout]   |                          ^^^^^^^^^
[INFO] [stdout]   |
[INFO] [stdout]   = note: import resolution is stuck, try simplifying macro imports
[INFO] [stdout] 
[INFO] [stdout] 
[INFO] [stdout] error: cannot determine resolution for the derive macro `Deserialize`
[INFO] [stdout]  --> /opt/rustwide/cargo-home/registry/src/index.crates.io-6f17d22bba15001f/ockam_vault-0.77.0/src/types/public_key.rs:9:37
[INFO] [stdout]   |
[INFO] [stdout] 9 | #[derive(Encode, Decode, Serialize, Deserialize, Clone, Debug, Zeroize, PartialOrd, Ord)]
[INFO] [stdout]   |                                     ^^^^^^^^^^^
[INFO] [stdout]   |
[INFO] [stdout]   = note: import resolution is stuck, try simplifying macro imports
[INFO] [stdout] 
[INFO] [stdout] 
[INFO] [stdout] error: cannot determine resolution for the derive macro `Serialize`
[INFO] [stdout]   --> /opt/rustwide/cargo-home/registry/src/index.crates.io-6f17d22bba15001f/ockam_vault-0.77.0/src/types/secret.rs:11:10
[INFO] [stdout]    |
[INFO] [stdout] 11 | #[derive(Serialize, Clone, Zeroize, Encode, Decode)]
[INFO] [stdout]    |          ^^^^^^^^^
[INFO] [stdout]    |
[INFO] [stdout]    = note: import resolution is stuck, try simplifying macro imports
[INFO] [stdout] 
[INFO] [stdout] 
[INFO] [stdout] error: cannot find attribute `serde` in this scope
[INFO] [stdout]   --> /opt/rustwide/cargo-home/registry/src/index.crates.io-6f17d22bba15001f/ockam_vault-0.77.0/src/types/secret.rs:15:7
[INFO] [stdout]    |
[INFO] [stdout] 15 |     #[serde(with = "hex_encoding")]
[INFO] [stdout]    |       ^^^^^
[INFO] [stdout] 
[INFO] [stdout] 
[INFO] [stdout] error: cannot determine resolution for the derive macro `Deserialize`
[INFO] [stdout]   --> /opt/rustwide/cargo-home/registry/src/index.crates.io-6f17d22bba15001f/ockam_vault-0.77.0/src/types/secret.rs:25:18
[INFO] [stdout]    |
[INFO] [stdout] 25 |         #[derive(Deserialize)]
[INFO] [stdout]    |                  ^^^^^^^^^^^
[INFO] [stdout]    |
[INFO] [stdout]    = note: import resolution is stuck, try simplifying macro imports
[INFO] [stdout] 
[INFO] [stdout] 
[INFO] [stdout] error: cannot find attribute `serde` in this scope
[INFO] [stdout]   --> /opt/rustwide/cargo-home/registry/src/index.crates.io-6f17d22bba15001f/ockam_vault-0.77.0/src/types/secret.rs:27:19
[INFO] [stdout]    |
[INFO] [stdout] 27 |             Key(#[serde(with = "hex_encoding")] SecretKeyVec),
[INFO] [stdout]    |                   ^^^^^
[INFO] [stdout] 
[INFO] [stdout] 
[INFO] [stdout] error: cannot determine resolution for the derive macro `Deserialize`
[INFO] [stdout]   --> /opt/rustwide/cargo-home/registry/src/index.crates.io-6f17d22bba15001f/ockam_vault-0.77.0/src/types/secret.rs:30:18
[INFO] [stdout]    |
[INFO] [stdout] 30 |         #[derive(Deserialize)]
[INFO] [stdout]    |                  ^^^^^^^^^^^
[INFO] [stdout]    |
[INFO] [stdout]    = note: import resolution is stuck, try simplifying macro imports
[INFO] [stdout] 
[INFO] [stdout] 
[INFO] [stdout] error: cannot find attribute `serde` in this scope
[INFO] [stdout]   --> /opt/rustwide/cargo-home/registry/src/index.crates.io-6f17d22bba15001f/ockam_vault-0.77.0/src/types/secret.rs:31:27
[INFO] [stdout]    |
[INFO] [stdout] 31 |         struct SecretV2(#[serde(with = "hex_encoding")] SecretKeyVec);
[INFO] [stdout]    |                           ^^^^^
[INFO] [stdout] 
[INFO] [stdout] 
[INFO] [stdout] error: cannot determine resolution for the derive macro `Deserialize`
[INFO] [stdout]   --> /opt/rustwide/cargo-home/registry/src/index.crates.io-6f17d22bba15001f/ockam_vault-0.77.0/src/types/secret.rs:33:18
[INFO] [stdout]    |
[INFO] [stdout] 33 |         #[derive(Deserialize)]
[INFO] [stdout]    |                  ^^^^^^^^^^^
[INFO] [stdout]    |
[INFO] [stdout]    = note: import resolution is stuck, try simplifying macro imports
[INFO] [stdout] 
[INFO] [stdout] 
[INFO] [stdout] error: cannot find attribute `serde` in this scope
[INFO] [stdout]   --> /opt/rustwide/cargo-home/registry/src/index.crates.io-6f17d22bba15001f/ockam_vault-0.77.0/src/types/secret.rs:34:11
[INFO] [stdout]    |
[INFO] [stdout] 34 |         #[serde(untagged)]
[INFO] [stdout]    |           ^^^^^
[INFO] [stdout] 
[INFO] [stdout] 
[INFO] [stdout] error: cannot determine resolution for the derive macro `Serialize`
[INFO] [stdout]   --> /opt/rustwide/cargo-home/registry/src/index.crates.io-6f17d22bba15001f/ockam_vault-0.77.0/src/types/secret_attributes.rs:14:10
[INFO] [stdout]    |
[INFO] [stdout] 14 | #[derive(Serialize, Deserialize, Copy, Clone, Debug, Eq, PartialEq)]
[INFO] [stdout]    |          ^^^^^^^^^
[INFO] [stdout]    |
[INFO] [stdout]    = note: import resolution is stuck, try simplifying macro imports
[INFO] [stdout] 
[INFO] [stdout] 
[INFO] [stdout] error: cannot determine resolution for the derive macro `Deserialize`
[INFO] [stdout]   --> /opt/rustwide/cargo-home/registry/src/index.crates.io-6f17d22bba15001f/ockam_vault-0.77.0/src/types/secret_attributes.rs:14:21
[INFO] [stdout]    |
[INFO] [stdout] 14 | #[derive(Serialize, Deserialize, Copy, Clone, Debug, Eq, PartialEq)]
[INFO] [stdout]    |                     ^^^^^^^^^^^
[INFO] [stdout]    |
[INFO] [stdout]    = note: import resolution is stuck, try simplifying macro imports
[INFO] [stdout] 
[INFO] [stdout] 
[INFO] [stdout] error: cannot determine resolution for the derive macro `Serialize`
[INFO] [stdout]   --> /opt/rustwide/cargo-home/registry/src/index.crates.io-6f17d22bba15001f/ockam_vault-0.77.0/src/types/secret_attributes.rs:58:10
[INFO] [stdout]    |
[INFO] [stdout] 58 | #[derive(Serialize, Deserialize, Copy, Clone, Debug, Encode, Decode, Eq, PartialEq, Zeroize, PartialOrd, Ord)]
[INFO] [stdout]    |          ^^^^^^^^^
[INFO] [stdout]    |
[INFO] [stdout]    = note: import resolution is stuck, try simplifying macro imports
[INFO] [stdout] 
[INFO] [stdout] 
[INFO] [stdout] error: cannot determine resolution for the derive macro `Deserialize`
[INFO] [stdout]   --> /opt/rustwide/cargo-home/registry/src/index.crates.io-6f17d22bba15001f/ockam_vault-0.77.0/src/types/secret_attributes.rs:58:21
[INFO] [stdout]    |
[INFO] [stdout] 58 | #[derive(Serialize, Deserialize, Copy, Clone, Debug, Encode, Decode, Eq, PartialEq, Zeroize, PartialOrd, Ord)]
[INFO] [stdout]    |                     ^^^^^^^^^^^
[INFO] [stdout]    |
[INFO] [stdout]    = note: import resolution is stuck, try simplifying macro imports
[INFO] [stdout] 
[INFO] [stdout] 
[INFO] [stdout] error: cannot determine resolution for the derive macro `Serialize`
[INFO] [stdout]  --> /opt/rustwide/cargo-home/registry/src/index.crates.io-6f17d22bba15001f/ockam_vault-0.77.0/src/types/signature.rs:7:10
[INFO] [stdout]   |
[INFO] [stdout] 7 | #[derive(Serialize, Deserialize, Clone, Debug, Zeroize)]
[INFO] [stdout]   |          ^^^^^^^^^
[INFO] [stdout]   |
[INFO] [stdout]   = note: import resolution is stuck, try simplifying macro imports
[INFO] [stdout] 
[INFO] [stdout] 
[INFO] [stdout] error: cannot determine resolution for the derive macro `Deserialize`
[INFO] [stdout]  --> /opt/rustwide/cargo-home/registry/src/index.crates.io-6f17d22bba15001f/ockam_vault-0.77.0/src/types/signature.rs:7:21
[INFO] [stdout]   |
[INFO] [stdout] 7 | #[derive(Serialize, Deserialize, Clone, Debug, Zeroize)]
[INFO] [stdout]   |                     ^^^^^^^^^^^
[INFO] [stdout]   |
[INFO] [stdout]   = note: import resolution is stuck, try simplifying macro imports
[INFO] [stdout] 
[INFO] [stdout] 
[INFO] [stdout] error: cannot determine resolution for the derive macro `Serialize`
[INFO] [stdout]  --> /opt/rustwide/cargo-home/registry/src/index.crates.io-6f17d22bba15001f/ockam_vault-0.77.0/src/types/stored_secret.rs:6:39
[INFO] [stdout]   |
[INFO] [stdout] 6 | #[derive(Debug, Eq, PartialEq, Clone, Serialize, Deserialize)]
[INFO] [stdout]   |                                       ^^^^^^^^^
[INFO] [stdout]   |
[INFO] [stdout]   = note: import resolution is stuck, try simplifying macro imports
[INFO] [stdout] 
[INFO] [stdout] 
[INFO] [stdout] error: cannot determine resolution for the derive macro `Deserialize`
[INFO] [stdout]  --> /opt/rustwide/cargo-home/registry/src/index.crates.io-6f17d22bba15001f/ockam_vault-0.77.0/src/types/stored_secret.rs:6:50
[INFO] [stdout]   |
[INFO] [stdout] 6 | #[derive(Debug, Eq, PartialEq, Clone, Serialize, Deserialize)]
[INFO] [stdout]   |                                                  ^^^^^^^^^^^
[INFO] [stdout]   |
[INFO] [stdout]   = note: import resolution is stuck, try simplifying macro imports
[INFO] [stdout] 
[INFO] [stdout] 
[INFO] [stdout] error[E0107]: enum takes 2 generic arguments but 1 generic argument was supplied
[INFO] [stdout]   --> /opt/rustwide/cargo-home/registry/src/index.crates.io-6f17d22bba15001f/ockam_vault-0.77.0/src/vault/vault_builder.rs:52:74
[INFO] [stdout]    |
[INFO] [stdout] 52 |     pub async fn with_persistent_storage_path(&mut self, path: &Path) -> Result<&mut Self> {
[INFO] [stdout]    |                                                                          ^^^^^^ --------- supplied 1 generic argument
[INFO] [stdout]    |                                                                          |
[INFO] [stdout]    |                                                                          expected 2 generic arguments
[INFO] [stdout]    |
[INFO] [stdout] help: add missing generic argument
[INFO] [stdout]    |
[INFO] [stdout] 52 |     pub async fn with_persistent_storage_path(&mut self, path: &Path) -> Result<&mut Self, E> {
[INFO] [stdout]    |                                                                                          +++
[INFO] [stdout] 
[INFO] [stdout] 
[INFO] [stdout] error[E0433]: failed to resolve: use of undeclared type `PersistentStorage`
[INFO] [stdout]   --> /opt/rustwide/cargo-home/registry/src/index.crates.io-6f17d22bba15001f/ockam_vault-0.77.0/src/vault/vault_builder.rs:53:41
[INFO] [stdout]    |
[INFO] [stdout] 53 |         Ok(self.with_persistent_storage(PersistentStorage::create(path).await?))
[INFO] [stdout]    |                                         ^^^^^^^^^^^^^^^^^ use of undeclared type `PersistentStorage`
[INFO] [stdout] 
[INFO] [stdout] 
[INFO] [stdout] error: aborting due to 26 previous errors
[INFO] [stdout] 
[INFO] [stdout] 
[INFO] [stdout] Some errors have detailed explanations: E0107, E0432, E0433.
[INFO] [stdout] 
[INFO] [stdout] For more information about an error, try `rustc --explain E0107`.
[INFO] [stdout] 
[INFO] [stderr] error: could not compile `ockam_vault` (lib) due to 27 previous errors
[INFO] running `Command { std: "docker" "inspect" "7aff414bb8cb53dcbca49a65432b80e7133942375a9248bb74071ccc8d9db380", kill_on_drop: false }`
[INFO] running `Command { std: "docker" "rm" "-f" "7aff414bb8cb53dcbca49a65432b80e7133942375a9248bb74071ccc8d9db380", kill_on_drop: false }`
[INFO] [stdout] 7aff414bb8cb53dcbca49a65432b80e7133942375a9248bb74071ccc8d9db380
